 m = 5402 - 405. What is the hundreds digit of m?
9
Let a be -3*(6/(-15) + 488/(-30)). Let r = a - 51. Let z(t) = -t + 3. What is the units digit of z(r)?
4
Let u(g) = 10*g**3 + 6*g**2 + 12*g - 139. What is the units digit of u(6)?
9
Let a be (28/8)/((-5)/(-10)). Let j be a/21*(0 + -9). What is the units digit of 1892/(-66)*j/2?
3
What is the hundreds digit of ((-2)/(-3) - (-3)/9)*(128 + -6)?
1
Let f = 194 - 197. Let k(b) = -16*b**3 - 6*b**2 + 3*b + 11. What is the units digit of k(f)?
0
Suppose -3712 = 4*b - c - 3*c, 4*b = 2*c - 3702. Let i = -583 - b. Let z = 484 - i. What is the hundreds digit of z?
1
Let m = 1450 + -730. Suppose 30*y - m = 35*y. Let s = 203 + y. What is the tens digit of s?
5
Let x(i) = -i**3 + 2*i**2 + 6*i + 6. Let z be x(-2). What is the hundreds digit of (-13)/(-65) + 4458/z?
4
What is the hundreds digit of -6 - (40/(-24) + 44578/(-3))?
8
Let q(b) = -6*b - 47. Suppose -8*p + 1101 + 1435 = 0. Suppose -17*l - 57 = p. What is the tens digit of q(l)?
8
Let b(n) = n**2 - 3*n - 1. Let l be b(-3). Let h = l + -15. Suppose 0 = -y + h*y - 74. What is the tens digit of y?
7
Let r = -3866 + 14580. What is the ten thousands digit of r?
1
Let r(g) = -2*g**3 - 2*g**2 - 3*g - 8. Let d = -80 - -74. Let f be r(d). Suppose -c = -2*c - 2*z + 95, -2*z = -4*c + f. What is the tens digit of c?
9
Let q(w) = -178*w - 7. Let r(h) = h**3 - 2*h**2 + h - 3. Suppose -3*f - c - 2 = c, -f - 18 = 5*c. Let l be r(f). What is the hundreds digit of q(l)?
1
Let i(y) = 228*y**2 - 228*y + 38. What is the ten thousands digit of i(-14)?
4
Let n be (-51)/2*4 + 2. Suppose 282*i = 435*i - 18666. Let a = n + i. What is the units digit of a?
2
Suppose -20*y + 21*y = -406. Let u = y - -245. Let s = 379 + u. What is the hundreds digit of s?
2
Let j(o) = 512*o + 1697. What is the ten thousands digit of j(71)?
3
Let g(w) = 25*w**2 + 267*w + 14367. What is the tens digit of g(-48)?
5
Let b(t) = -31*t + 6 + 67*t - 24*t - 22*t. Suppose 5*n = -2*l + 7*l - 5, -n - 2*l - 7 = 0. What is the tens digit of b(n)?
3
Suppose -27*f = 96596 - 300527. What is the units digit of f?
3
Let n(b) = -2*b**3 + b**2 - 12*b - 25. Suppose 0 = 2*u, -3*v = -0*u - u + 18. What is the tens digit of n(v)?
1
Suppose 5*o + h - 22732 = -332, 5*o = -3*h + 22400. Suppose 0 = m - 9*m + o. What is the tens digit of m?
6
Suppose 31*i - 1072 = 33*i. Let b = i + 754. What is the units digit of b?
8
Let h be 18/(-4)*-1*6/(-9). What is the tens digit of (3 + 4 + h)/(-2) + 424?
2
Let l(g) = -183*g**3 - 7*g**2 - 5*g + 16. What is the tens digit of l(-3)?
0
Suppose -47*m = -37*m + 9020. Let h = 1427 + m. What is the tens digit of h?
2
Let x = -595 - 263. Let d be (-185)/35 + 5 + x/(-14). Let f = d + 0. What is the units digit of f?
1
Let u be (18276/(-20))/3 - (-4)/(-10). Let f = -174 - u. What is the hundreds digit of f?
1
What is the tens digit of (8/24*-3)/1 - -18809*1?
0
Suppose 22*b = 76 - 230. Let v(i) = i**3 + 9*i**2 - 4*i - 25. What is the hundreds digit of v(b)?
1
Let o = 5510 - 28. What is the units digit of o?
2
Suppose 10*v = -0*v. Let y be (-7 - -5)*(0 + v - 1). Suppose -z - 118 = -y*z. What is the units digit of z?
8
Let q(n) = 3*n**2 + 30*n + 37. Let y be q(-10). Suppose y*r - 1330 = 23*r. What is the tens digit of r?
9
Suppose -77*r + 388498 = -31306. What is the tens digit of r?
5
Suppose 526 = 5*t - 94. Let y = t - 19. What is the units digit of y?
5
What is the tens digit of (-3)/(99/(-18) + 7) - -5715?
1
Let o be 92/(-10) - 1/(-5). Let m be (37 - 41)*9/12. What is the hundreds digit of 234 - (m + o/6*-4)?
2
What is the units digit of (-348)/(-464) - 334354/(-8)?
5
Let d(j) = j**3 - 5*j**2 + 2*j + 6. Let i be d(3). What is the tens digit of i*5/(-60) - 759/(-2)?
8
Let x = 23628 + 9489. What is the ten thousands digit of x?
3
Suppose -10*h - 10 = -15*h. Suppose 3*a - 253 = -2*o, h*o + 79 + 8 = a. Let v = 2 + a. What is the units digit of v?
7
Suppose -7*i - 3*i = 0. Let q(l) = -l**2 + 2*l + 332. What is the tens digit of q(i)?
3
Suppose p = -3*o + 17493, 15215 + 19803 = 2*p - 2*o. What is the ten thousands digit of p?
1
Let d = 7932 - 2269. What is the tens digit of d?
6
Suppose 3*m = 3*l + 276, m = -4*l + 2*m - 383. Let s = -2933 + 2706. Let p = l - s. What is the units digit of p?
0
Let g(k) = 3*k - 39. Let j be g(-25). What is the units digit of 6*1/(-33) - j/22?
5
Suppose -20*u - 8*u - 71*u + 4753188 = 0. What is the ten thousands digit of u?
4
Let c(s) = 5*s - 17. Suppose -2*a - a = 2*y - 14, 0 = 2*a - 4*y - 4. Let p be c(a). Suppose -4*t = p*l - 337, -t + 0*t + 89 = -4*l. What is the tens digit of t?
8
Let n be 55/(28/(-6) - -5) - 2. Let d = 129 + n. What is the hundreds digit of d?
2
Let f(s) = -s**3 + 28*s**2 + 42*s - 4. Let t(o) = -o**2 + 17*o - 41. Let m be t(10). What is the units digit of f(m)?
3
Let u(q) = q + 19. Let s be u(-4). Suppose -5112 = 6*m - s*m. What is the units digit of m?
8
Let i = 109 + -197. Let z = -49 - i. Suppose -2*c = -95 - z. What is the tens digit of c?
6
Let w(u) = 282*u**2 + 24*u + 101. What is the thousands digit of w(-5)?
7
Let j = 66 - 114. Let k = 44 - j. What is the units digit of k?
2
Let c(t) = 4*t**2 - 15*t - 4. Let i(m) = 5*m**2 - 16*m - 5. Let r(q) = -6*c(q) + 5*i(q). Let f be r(10). Suppose -47 - f = -6*k. What is the tens digit of k?
4
Let o(q) = -2*q**3 - 9*q**2 + 22*q - 8. Let n be o(-14). Suppose 12*r = 4*r + n. What is the hundreds digit of r?
4
Let q(i) = 1392*i**3 + i**2 + 3*i - 4. Let k be q(1). Suppose -52*h + 56*h = k. What is the hundreds digit of h?
3
What is the units digit of (6969/12 - -3)/(1 - (-18)/(-24))?
5
Let u(z) = -26308*z + 688. What is the units digit of u(-3)?
2
Let a = 24553 - 460. What is the units digit of a?
3
Let y be ((-6)/8)/((-7)/28). Let x(f) = -6 + 17*f - 7*f**2 - y*f - f**3 - 5*f. What is the units digit of x(-9)?
5
Let q = 139 - 135. Suppose -7*g + 864 = -q*g. What is the tens digit of g?
8
Let m(s) = 0 + 4 + 5 - 3*s - 2. Let f be m(0). Suppose -2*v - 5*k = f - 134, 2*k - 65 = -v. What is the tens digit of v?
7
Let q(t) = 3759*t + 3085. What is the tens digit of q(11)?
3
Let q = 15681 - 267. What is the tens digit of q?
1
Let j be 120/(-12)*(-3)/6*-34. What is the hundreds digit of -12*(2 + j/6)?
3
Suppose 0 = 201*f - 116*f - 1528810. What is the tens digit of f?
8
Let f(v) = -3*v**3 - 3*v**2 - 7*v - 1. Let b = -250 + 245. What is the hundreds digit of f(b)?
3
Let t(p) be the second derivative of 29/2*p**2 - 8*p - 1/12*p**4 + 0 - 7/6*p**3. What is the units digit of t(-8)?
1
Let r = -45 - -172. Let c be 2/(-5) + (-1506)/(-15). Let s = r - c. What is the units digit of s?
7
Let v(s) = -s**2 + 12*s - 2. Let n be v(12). Let i be -2 + (2 + n - -4). What is the tens digit of 160/i + 2 + 1?
8
Let z = 236 - -43. Let w = z - 435. Let p = -73 - w. What is the units digit of p?
3
Let g = -2631 - -2631. Suppose 212 = t + 5*x - 97, 0 = t + 2*x - 324. Suppose g = 2*i + 3*i - 2*u - t, 0 = 4*i + 2*u - 278. What is the units digit of i?
8
What is the hundreds digit of (156/195)/(8/299920)?
9
Suppose 9*j = -11668 - 3407. Let r = j - -2549. What is the hundreds digit of r?
8
Let k be (5 + -6)*(-73 + (1 - 1)). Let t = k - -168. What is the units digit of t?
1
Suppose 0*u = -u. Let a(j) = -j**2 - j + 336. What is the hundreds digit of a(u)?
3
Suppose -7*j - 20 = -1217. Suppose -j*n + 159*n = -6948. What is the hundreds digit of n?
5
Let x = 26 - 24. Let f = 19 - x. What is the units digit of f*20/(1 - -4)?
8
Let n(d) be the second derivative of -d**5/20 + d**4/3 + 5*d**3/3 - 11*d**2 + 20*d. Let a be n(5). What is the tens digit of 181/4 + (a/(-3))/4?
4
Let m(q) be the first derivative of -7*q**2 + q + 23. Let w(u) = -43*u + 3. Let v(s) = 7*m(s) - 2*w(s). What is the tens digit of v(-6)?
7
What is the ten thousands digit of (2 + (-80756)/5)/(560/(-1400))?
4
Let u = 1273 - -25807. Suppose -29*p - 4460 + u = 0. What is the tens digit of p?
8
Let y = 6268 - 2687. What is the thousands digit of y?
3
Let g be 457 + -7 + 8 + -2. Suppose -g*k - 1108 = -458*k. What is the units digit of k?
4
Let s = 262 + -269. Let k(j) = 19*j**2 + 18*j + 11. What is the units digit of k(s)?
6
Suppose -8*w - 840 = 6*w. What is the tens digit of (2*67/12)/((-10)/w)?
6
Let m(w) be the second derivative of w**5/20 - 17*w**4/4 + 79*w**3/6 + 5*w**2 + 24*w